{"id":39,"date":"2021-03-03T20:26:38","date_gmt":"2021-03-03T20:26:38","guid":{"rendered":"http:\/\/economia.uaz.edu.mx\/?page_id=39"},"modified":"2026-02-10T17:33:40","modified_gmt":"2026-02-10T17:33:40","slug":"inicio","status":"publish","type":"page","link":"https:\/\/economia.uaz.edu.mx\/","title":{"rendered":"Inicio"},"content":{"rendered":"\t\t<div data-elementor-type=\"wp-page\" data-elementor-id=\"39\" class=\"elementor elementor-39\">\n\t\t\t\t\t\t\t\t\t<section class=\"elementor-section elementor-top-section elementor-element elementor-element-df7ca77 elementor-section-full_width elementor-section-height-default elementor-section-height-default\" data-id=\"df7ca77\" data-element_type=\"section\">\n\t\t\t\t\t\t<div class=\"elementor-container elementor-column-gap-default\">\n\t\t\t\t\t<div class=\"elementor-column elementor-col-100 elementor-top-column elementor-element elementor-element-6236a37\" data-id=\"6236a37\" data-element_type=\"column\">\n\t\t\t<div class=\"elementor-widget-wrap elementor-element-populated\">\n\t\t\t\t\t\t\t\t<div class=\"elementor-element elementor-element-8463df1 elementor-widget elementor-widget-image\" data-id=\"8463df1\" data-element_type=\"widget\" data-widget_type=\"image.default\">\n\t\t\t\t<div class=\"elementor-widget-container\">\n\t\t\t\t\t\t\t\t\t\t\t\t\t\t\t\t<a href=\"https:\/\/economia.uaz.edu.mx\/\">\n\t\t\t\t\t\t\t<img loading=\"lazy\" decoding=\"async\" width=\"2048\" height=\"376\" src=\"https:\/\/economia.uaz.edu.mx\/wp-content\/uploads\/2025\/10\/cintillo-para-pagina-web1-2048x376.jpg\" class=\"attachment-2048x2048 size-2048x2048 wp-image-1567\" alt=\"\" srcset=\"https:\/\/economia.uaz.edu.mx\/wp-content\/uploads\/2025\/10\/cintillo-para-pagina-web1-2048x376.jpg 2048w, https:\/\/economia.uaz.edu.mx\/wp-content\/uploads\/2025\/10\/cintillo-para-pagina-web1-300x55.jpg 300w, https:\/\/economia.uaz.edu.mx\/wp-content\/uploads\/2025\/10\/cintillo-para-pagina-web1-1024x188.jpg 1024w, https:\/\/economia.uaz.edu.mx\/wp-content\/uploads\/2025\/10\/cintillo-para-pagina-web1-768x141.jpg 768w, https:\/\/economia.uaz.edu.mx\/wp-content\/uploads\/2025\/10\/cintillo-para-pagina-web1-1536x282.jpg 1536w\" sizes=\"auto, (max-width: 2048px) 100vw, 2048px\" \/>\t\t\t\t\t\t\t\t<\/a>\n\t\t\t\t\t\t\t\t\t\t\t\t\t\t\t<\/div>\n\t\t\t\t<\/div>\n\t\t\t\t<div class=\"elementor-element elementor-element-9665203 elementor-widget__width-initial elementor-absolute elementor-widget elementor-widget-wp-widget-search\" data-id=\"9665203\" data-element_type=\"widget\" data-settings=\"{&quot;_position&quot;:&quot;absolute&quot;}\" data-widget_type=\"wp-widget-search.default\">\n\t\t\t\t<div class=\"elementor-widget-container\">\n\t\t\t<form role=\"search\" method=\"get\" class=\"search-form\" action=\"https:\/\/economia.uaz.edu.mx\/\">\n\t<label>\n\t\t<span class=\"screen-reader-text\">Buscar:<\/span>\n\t\t<input type=\"search\" class=\"search-field\"  placeholder=\"Buscar &hellip;\" value=\"\" name=\"s\" tabindex=\"-1\">\n\t\t\t<\/label>\n\t\t\t<input type=\"submit\" class=\"search-submit\" value=\"Buscar\">\n\t<\/form>\n\t\t<\/div>\n\t\t\t\t<\/div>\n\t\t\t\t<div class=\"elementor-element elementor-element-451d63d elementor-widget elementor-widget-image\" data-id=\"451d63d\" data-element_type=\"widget\" data-widget_type=\"image.default\">\n\t\t\t\t<div class=\"elementor-widget-container\">\n\t\t\t\t\t\t\t\t\t\t\t\t\t\t\t\t<a href=\"https:\/\/drive.google.com\/file\/d\/1dYdRUfQ_PvIUSzqjYMcs1hzruoQLHOUk\/view?usp=drive_link\" target=\"_blank\">\n\t\t\t\t\t\t\t<img loading=\"lazy\" decoding=\"async\" width=\"629\" height=\"275\" src=\"https:\/\/economia.uaz.edu.mx\/wp-content\/uploads\/2026\/01\/convocatoria-2026.jpg\" class=\"attachment-large size-large wp-image-1650\" alt=\"\" srcset=\"https:\/\/economia.uaz.edu.mx\/wp-content\/uploads\/2026\/01\/convocatoria-2026.jpg 629w, https:\/\/economia.uaz.edu.mx\/wp-content\/uploads\/2026\/01\/convocatoria-2026-300x131.jpg 300w\" sizes=\"auto, (max-width: 629px) 100vw, 629px\" \/>\t\t\t\t\t\t\t\t<\/a>\n\t\t\t\t\t\t\t\t\t\t\t\t\t\t\t<\/div>\n\t\t\t\t<\/div>\n\t\t\t\t<div class=\"elementor-element elementor-element-8ef80f3 elementor-widget elementor-widget-image\" data-id=\"8ef80f3\" data-element_type=\"widget\" data-widget_type=\"image.default\">\n\t\t\t\t<div class=\"elementor-widget-container\">\n\t\t\t\t\t\t\t\t\t\t\t\t\t\t\t\t<a href=\"https:\/\/drive.google.com\/drive\/folders\/1kYuifZFTKAeWel0gPjnIq1gtZbX4C-qQ\" target=\"_blank\">\n\t\t\t\t\t\t\t<img loading=\"lazy\" decoding=\"async\" width=\"300\" height=\"174\" src=\"https:\/\/economia.uaz.edu.mx\/wp-content\/uploads\/2021\/03\/repositorio-3d2-300x174.gif\" class=\"attachment-medium size-medium wp-image-75\" alt=\"\" \/>\t\t\t\t\t\t\t\t<\/a>\n\t\t\t\t\t\t\t\t\t\t\t\t\t\t\t<\/div>\n\t\t\t\t<\/div>\n\t\t\t\t<div class=\"elementor-element elementor-element-8fea731 elementor-arrows-position-inside elementor-pagination-position-outside elementor-widget elementor-widget-image-carousel\" data-id=\"8fea731\" data-element_type=\"widget\" data-settings=\"{&quot;slides_to_show&quot;:&quot;1&quot;,&quot;autoplay_speed&quot;:4000,&quot;speed&quot;:800,&quot;_animation&quot;:&quot;none&quot;,&quot;navigation&quot;:&quot;both&quot;,&quot;autoplay&quot;:&quot;yes&quot;,&quot;pause_on_hover&quot;:&quot;yes&quot;,&quot;pause_on_interaction&quot;:&quot;yes&quot;,&quot;infinite&quot;:&quot;yes&quot;,&quot;effect&quot;:&quot;slide&quot;}\" data-widget_type=\"image-carousel.default\">\n\t\t\t\t<div class=\"elementor-widget-container\">\n\t\t\t\t\t<div class=\"elementor-image-carousel-wrapper swiper-container\" dir=\"rtl\">\n\t\t\t<div class=\"elementor-image-carousel swiper-wrapper\" aria-live=\"off\">\n\t\t\t\t\t\t\t\t<div class=\"swiper-slide\" role=\"group\" aria-roledescription=\"slide\" aria-label=\"1 of 3\"><a data-elementor-open-lightbox=\"yes\" data-elementor-lightbox-slideshow=\"8fea731\" data-elementor-lightbox-title=\"EIC_Post_1-01\" data-e-action-hash=\"#elementor-action%3Aaction%3Dlightbox%26settings%3DeyJpZCI6MTQ3MywidXJsIjoiaHR0cHM6XC9cL2Vjb25vbWlhLnVhei5lZHUubXhcL3dwLWNvbnRlbnRcL3VwbG9hZHNcLzIwMjVcLzA4XC9FSUNfUG9zdF8xLTAxLTEuanBnIiwic2xpZGVzaG93IjoiOGZlYTczMSJ9\" href=\"https:\/\/inegi.org.mx\/\" target=\"_blank\"><figure class=\"swiper-slide-inner\"><img decoding=\"async\" class=\"swiper-slide-image\" src=\"https:\/\/economia.uaz.edu.mx\/wp-content\/uploads\/2025\/08\/EIC_Post_1-01-1-300x300.jpg\" alt=\"EIC_Post_1-01\" \/><\/figure><\/a><\/div><div class=\"swiper-slide\" role=\"group\" aria-roledescription=\"slide\" aria-label=\"2 of 3\"><a data-elementor-open-lightbox=\"yes\" data-elementor-lightbox-slideshow=\"8fea731\" data-elementor-lightbox-title=\"EIC_Post_1-02-\" data-e-action-hash=\"#elementor-action%3Aaction%3Dlightbox%26settings%3DeyJpZCI6MTQ3NCwidXJsIjoiaHR0cHM6XC9cL2Vjb25vbWlhLnVhei5lZHUubXhcL3dwLWNvbnRlbnRcL3VwbG9hZHNcLzIwMjVcLzA4XC9FSUNfUG9zdF8xLTAyLTEtMS5qcGciLCJzbGlkZXNob3ciOiI4ZmVhNzMxIn0%3D\" href=\"https:\/\/inegi.org.mx\/\" target=\"_blank\"><figure class=\"swiper-slide-inner\"><img decoding=\"async\" class=\"swiper-slide-image\" src=\"https:\/\/economia.uaz.edu.mx\/wp-content\/uploads\/2025\/08\/EIC_Post_1-02-1-1-300x300.jpg\" alt=\"EIC_Post_1-02-\" \/><\/figure><\/a><\/div><div class=\"swiper-slide\" role=\"group\" aria-roledescription=\"slide\" aria-label=\"3 of 3\"><a data-elementor-open-lightbox=\"yes\" data-elementor-lightbox-slideshow=\"8fea731\" data-elementor-lightbox-title=\"EIC_Post_1-03\" data-e-action-hash=\"#elementor-action%3Aaction%3Dlightbox%26settings%3DeyJpZCI6MTQ3NSwidXJsIjoiaHR0cHM6XC9cL2Vjb25vbWlhLnVhei5lZHUubXhcL3dwLWNvbnRlbnRcL3VwbG9hZHNcLzIwMjVcLzA4XC9FSUNfUG9zdF8xLTAzLTEuanBnIiwic2xpZGVzaG93IjoiOGZlYTczMSJ9\" href=\"https:\/\/inegi.org.mx\/\" target=\"_blank\"><figure class=\"swiper-slide-inner\"><img decoding=\"async\" class=\"swiper-slide-image\" src=\"https:\/\/economia.uaz.edu.mx\/wp-content\/uploads\/2025\/08\/EIC_Post_1-03-1-300x300.jpg\" alt=\"EIC_Post_1-03\" \/><\/figure><\/a><\/div>\t\t\t<\/div>\n\t\t\t\t\t\t\t\t\t\t\t\t<div class=\"elementor-swiper-button elementor-swiper-button-prev\" role=\"button\" tabindex=\"0\">\n\t\t\t\t\t\t<i aria-hidden=\"true\" class=\"eicon-chevron-left\"><\/i>\t\t\t\t\t<\/div>\n\t\t\t\t\t<div class=\"elementor-swiper-button elementor-swiper-button-next\" role=\"button\" tabindex=\"0\">\n\t\t\t\t\t\t<i aria-hidden=\"true\" class=\"eicon-chevron-right\"><\/i>\t\t\t\t\t<\/div>\n\t\t\t\t\n\t\t\t\t\t\t\t\t\t<div class=\"swiper-pagination\"><\/div>\n\t\t\t\t\t\t\t\t\t<\/div>\n\t\t\t\t<\/div>\n\t\t\t\t<\/div>\n\t\t\t\t<div class=\"elementor-element elementor-element-f6c7c51 elementor-widget__width-initial elementor-widget elementor-widget-video\" data-id=\"f6c7c51\" data-element_type=\"widget\" data-settings=\"{&quot;youtube_url&quot;:&quot;https:\\\/\\\/youtu.be\\\/4gyE3LMoJjY&quot;,&quot;video_type&quot;:&quot;youtube&quot;,&quot;controls&quot;:&quot;yes&quot;}\" data-widget_type=\"video.default\">\n\t\t\t\t<div class=\"elementor-widget-container\">\n\t\t\t\t\t<div class=\"elementor-wrapper elementor-open-inline\">\n\t\t\t<div class=\"elementor-video\"><\/div>\t\t<\/div>\n\t\t\t\t<\/div>\n\t\t\t\t<\/div>\n\t\t\t\t<div class=\"elementor-element elementor-element-eacede9 elementor-widget__width-initial elementor-widget elementor-widget-video\" data-id=\"eacede9\" data-element_type=\"widget\" data-settings=\"{&quot;youtube_url&quot;:&quot;https:\\\/\\\/youtu.be\\\/3UXc40qm0y8&quot;,&quot;video_type&quot;:&quot;youtube&quot;,&quot;controls&quot;:&quot;yes&quot;}\" data-widget_type=\"video.default\">\n\t\t\t\t<div class=\"elementor-widget-container\">\n\t\t\t\t\t<div class=\"elementor-wrapper elementor-open-inline\">\n\t\t\t<div class=\"elementor-video\"><\/div>\t\t<\/div>\n\t\t\t\t<\/div>\n\t\t\t\t<\/div>\n\t\t\t\t<div class=\"elementor-element elementor-element-c699ff1 elementor-widget elementor-widget-image\" data-id=\"c699ff1\" data-element_type=\"widget\" data-widget_type=\"image.default\">\n\t\t\t\t<div class=\"elementor-widget-container\">\n\t\t\t\t\t\t\t\t\t\t\t\t\t\t\t<img loading=\"lazy\" decoding=\"async\" width=\"768\" height=\"593\" src=\"https:\/\/economia.uaz.edu.mx\/wp-content\/uploads\/2021\/08\/bienvenidos-768x593.jpg\" class=\"attachment-medium_large size-medium_large wp-image-466\" alt=\"\" srcset=\"https:\/\/economia.uaz.edu.mx\/wp-content\/uploads\/2021\/08\/bienvenidos-768x593.jpg 768w, https:\/\/economia.uaz.edu.mx\/wp-content\/uploads\/2021\/08\/bienvenidos-300x232.jpg 300w, https:\/\/economia.uaz.edu.mx\/wp-content\/uploads\/2021\/08\/bienvenidos-1024x791.jpg 1024w, https:\/\/economia.uaz.edu.mx\/wp-content\/uploads\/2021\/08\/bienvenidos-1536x1186.jpg 1536w, https:\/\/economia.uaz.edu.mx\/wp-content\/uploads\/2021\/08\/bienvenidos-2048x1582.jpg 2048w\" sizes=\"auto, (max-width: 768px) 100vw, 768px\" \/>\t\t\t\t\t\t\t\t\t\t\t\t\t\t\t<\/div>\n\t\t\t\t<\/div>\n\t\t\t\t\t<\/div>\n\t\t<\/div>\n\t\t\t\t\t\t\t<\/div>\n\t\t<\/section>\n\t\t\t\t<section class=\"elementor-section elementor-top-section elementor-element elementor-element-91da869 elementor-section-boxed elementor-section-height-default elementor-section-height-default\" data-id=\"91da869\" data-element_type=\"section\">\n\t\t\t\t\t\t<div class=\"elementor-container elementor-column-gap-default\">\n\t\t\t\t\t<div class=\"elementor-column elementor-col-50 elementor-top-column elementor-element elementor-element-a078c6c\" data-id=\"a078c6c\" data-element_type=\"column\">\n\t\t\t<div class=\"elementor-widget-wrap elementor-element-populated\">\n\t\t\t\t\t\t\t\t<div class=\"elementor-element elementor-element-646e0d3 elementor-widget elementor-widget-heading\" data-id=\"646e0d3\" data-element_type=\"widget\" data-widget_type=\"heading.default\">\n\t\t\t\t<div class=\"elementor-widget-container\">\n\t\t\t<h2 class=\"elementor-heading-title elementor-size-medium\">El d\u00eda 22 de agosto de 2025,  se lleva a cabo la Toma de posesi\u00f3n de la Directora M.C. Sandra Ver\u00f3nica Garc\u00eda Cabrera; para el periodo 2025-2029<\/h2>\t\t<\/div>\n\t\t\t\t<\/div>\n\t\t\t\t<div class=\"elementor-element elementor-element-143d7e8 elementor-widget elementor-widget-image\" data-id=\"143d7e8\" data-element_type=\"widget\" data-widget_type=\"image.default\">\n\t\t\t\t<div class=\"elementor-widget-container\">\n\t\t\t\t\t\t\t\t\t\t\t\t<figure class=\"wp-caption\">\n\t\t\t\t\t\t\t\t\t\t<img loading=\"lazy\" decoding=\"async\" width=\"768\" height=\"1024\" src=\"https:\/\/economia.uaz.edu.mx\/wp-content\/uploads\/2025\/09\/1-768x1024.jpg\" class=\"attachment-medium_large size-medium_large wp-image-1491\" alt=\"\" srcset=\"https:\/\/economia.uaz.edu.mx\/wp-content\/uploads\/2025\/09\/1-768x1024.jpg 768w, https:\/\/economia.uaz.edu.mx\/wp-content\/uploads\/2025\/09\/1-225x300.jpg 225w, https:\/\/economia.uaz.edu.mx\/wp-content\/uploads\/2025\/09\/1.jpg 1056w\" sizes=\"auto, (max-width: 768px) 100vw, 768px\" \/>\t\t\t\t\t\t\t\t\t\t\t<figcaption class=\"widget-image-caption wp-caption-text\">Foto Entrega Recepci\u00f3n de la Administraci\u00f3n 2025-2029<\/figcaption>\n\t\t\t\t\t\t\t\t\t\t<\/figure>\n\t\t\t\t\t\t\t\t\t<\/div>\n\t\t\t\t<\/div>\n\t\t\t\t\t<\/div>\n\t\t<\/div>\n\t\t\t\t<div class=\"elementor-column elementor-col-50 elementor-top-column elementor-element elementor-element-f625b78\" data-id=\"f625b78\" data-element_type=\"column\">\n\t\t\t<div class=\"elementor-widget-wrap elementor-element-populated\">\n\t\t\t\t\t\t\t\t<div class=\"elementor-element elementor-element-a237dc8 elementor-widget elementor-widget-image\" data-id=\"a237dc8\" data-element_type=\"widget\" data-widget_type=\"image.default\">\n\t\t\t\t<div class=\"elementor-widget-container\">\n\t\t\t\t\t\t\t\t\t\t\t\t\t\t\t<img loading=\"lazy\" decoding=\"async\" width=\"768\" height=\"1024\" src=\"https:\/\/economia.uaz.edu.mx\/wp-content\/uploads\/2025\/09\/2-768x1024.jpg\" class=\"attachment-medium_large size-medium_large wp-image-1492\" alt=\"\" srcset=\"https:\/\/economia.uaz.edu.mx\/wp-content\/uploads\/2025\/09\/2-768x1024.jpg 768w, https:\/\/economia.uaz.edu.mx\/wp-content\/uploads\/2025\/09\/2-225x300.jpg 225w, https:\/\/economia.uaz.edu.mx\/wp-content\/uploads\/2025\/09\/elementor\/thumbs\/2-rc54jxs71te9fllxlg78193eos3ff8hocmhfwppork.jpg 300w, https:\/\/economia.uaz.edu.mx\/wp-content\/uploads\/2025\/09\/2.jpg 1056w\" sizes=\"auto, (max-width: 768px) 100vw, 768px\" \/>\t\t\t\t\t\t\t\t\t\t\t\t\t\t\t<\/div>\n\t\t\t\t<\/div>\n\t\t\t\t\t<\/div>\n\t\t<\/div>\n\t\t\t\t\t\t\t<\/div>\n\t\t<\/section>\n\t\t\t\t<section class=\"elementor-section elementor-top-section elementor-element elementor-element-cda408c elementor-section-boxed elementor-section-height-default elementor-section-height-default\" data-id=\"cda408c\" data-element_type=\"section\">\n\t\t\t\t\t\t<div class=\"elementor-container elementor-column-gap-default\">\n\t\t\t\t\t<div class=\"elementor-column elementor-col-100 elementor-top-column elementor-element elementor-element-7396121\" data-id=\"7396121\" data-element_type=\"column\">\n\t\t\t<div class=\"elementor-widget-wrap elementor-element-populated\">\n\t\t\t\t\t\t\t\t<div class=\"elementor-element elementor-element-daff26c elementor-widget elementor-widget-google_maps\" data-id=\"daff26c\" data-element_type=\"widget\" data-widget_type=\"google_maps.default\">\n\t\t\t\t<div class=\"elementor-widget-container\">\n\t\t\t\t\t<div class=\"elementor-custom-embed\">\n\t\t\t<iframe loading=\"lazy\"\n\t\t\t\t\tsrc=\"https:\/\/maps.google.com\/maps?q=22.77079236380076%2C%20-102.5537719771382&#038;t=m&#038;z=11&#038;output=embed&#038;iwloc=near\"\n\t\t\t\t\ttitle=\"22.77079236380076, -102.5537719771382\"\n\t\t\t\t\taria-label=\"22.77079236380076, -102.5537719771382\"\n\t\t\t><\/iframe>\n\t\t<\/div>\n\t\t\t\t<\/div>\n\t\t\t\t<\/div>\n\t\t\t\t\t<\/div>\n\t\t<\/div>\n\t\t\t\t\t\t\t<\/div>\n\t\t<\/section>\n\t\t\t\t\t\t\t<\/div>\n\t\t","protected":false},"excerpt":{"rendered":"<p>https:\/\/youtu.be\/4gyE3LMoJjYhttps:\/\/youtu.be\/3UXc40qm0y8 El d\u00eda 22 de agosto de 2025, se lleva a cabo la Toma de posesi\u00f3n de la Directora M.C. Sandra Ver\u00f3nica Garc\u00eda Cabrera; para el periodo 2025-2029 Foto Entrega Recepci\u00f3n de la Administraci\u00f3n 2025-2029<\/p>\n","protected":false},"author":2,"featured_media":0,"parent":0,"menu_order":0,"comment_status":"closed","ping_status":"closed","template":"","meta":{"site-sidebar-layout":"no-sidebar","site-content-layout":"page-builder","ast-site-content-layout":"full-width-container","site-content-style":"unboxed","site-sidebar-style":"unboxed","ast-global-header-display":"","ast-banner-title-visibility":"","ast-main-header-display":"","ast-hfb-above-header-display":"","ast-hfb-below-header-display":"","ast-hfb-mobile-header-display":"","site-post-title":"disabled","ast-breadcrumbs-content":"","ast-featured-img":"disabled","footer-sml-layout":"","theme-transparent-header-meta":"default","adv-header-id-meta":"","stick-header-meta":"","header-above-stick-meta":"","header-main-stick-meta":"","header-below-stick-meta":"","astra-migrate-meta-layouts":"set","footnotes":""},"class_list":["post-39","page","type-page","status-publish","hentry"],"_links":{"self":[{"href":"https:\/\/economia.uaz.edu.mx\/index.php?rest_route=\/wp\/v2\/pages\/39","targetHints":{"allow":["GET"]}}],"collection":[{"href":"https:\/\/economia.uaz.edu.mx\/index.php?rest_route=\/wp\/v2\/pages"}],"about":[{"href":"https:\/\/economia.uaz.edu.mx\/index.php?rest_route=\/wp\/v2\/types\/page"}],"author":[{"embeddable":true,"href":"https:\/\/economia.uaz.edu.mx\/index.php?rest_route=\/wp\/v2\/users\/2"}],"replies":[{"embeddable":true,"href":"https:\/\/economia.uaz.edu.mx\/index.php?rest_route=%2Fwp%2Fv2%2Fcomments&post=39"}],"version-history":[{"count":509,"href":"https:\/\/economia.uaz.edu.mx\/index.php?rest_route=\/wp\/v2\/pages\/39\/revisions"}],"predecessor-version":[{"id":1674,"href":"https:\/\/economia.uaz.edu.mx\/index.php?rest_route=\/wp\/v2\/pages\/39\/revisions\/1674"}],"wp:attachment":[{"href":"https:\/\/economia.uaz.edu.mx\/index.php?rest_route=%2Fwp%2Fv2%2Fmedia&parent=39"}],"curies":[{"name":"wp","href":"https:\/\/api.w.org\/{rel}","templated":true}]}}